is the remainder when s(-37) is divided by g(-5)?
29
Suppose 0 = -3*y + 3*h - 276, 4*y = 4*h - 2*h - 368. Let k = y - -101. Let v = 7 + 37. Calculate the remainder when v is divided by k.
8
Let n = -7872 + 10243. What is the remainder when n is divided by 46?
25
Suppose z - 4*b - 124 = -4*z, -3*z + b + 73 = 0. Let j(q) = -3 - 62*q + 53*q + 26. What is the remainder when j(-8) is divided by z?
23
Suppose -6*l + 2*l + 187 = -5*c, -2*l = -2*c - 92. Calculate the remainder when 428 is divided by l.
41
Let b = -41 + -20. Let k = 106 - 181. Let j = b - k. What is the remainder when 24 is divided by j?
10
Suppose 0 = 2*f + 5*w - 22, -13 + 7 = -3*w. Suppose 9*z - f*z = 411. What is the remainder when z is divided by 28?
25
Let v(r) = r**2 - r - 10. Let j be v(18). Suppose -2*x = -j - 86. Suppose 546 - x = 5*p. What is the remainder when p is divided by 24?
23
Suppose -143 = -w + 4*p, 6*w + 2*p = 5*w + 155. Suppose -527*b = -524*b + 24, -62 = -2*i - 5*b. Calculate the remainder when w is divided by i.
49
Suppose 0 = 5*i + 407 + 43. Let z = i - -137. Suppose -5*p + 3*w + 50 = 0, 22*w - 240 + 143 = p. Calculate the remainder when z is divided by p.
8
Suppose -12*a + 8972 = 3056. Calculate the remainder when a is divided by 99.
97
Suppose 13*q + 16 = 5*q. Let j be 110/20 + (-1)/q. Suppose 0 = 2*c - j*c + 20. Calculate the remainder when c is divided by 2.
1
Let p = -20014 + 21120. Calculate the remainder when p is divided by 190.
156
Suppose 2*i = 4*t - 158, -2*i + 14 = 4. What is the remainder when t is divided by (190/(-57))/((-10)/36)?
6
Let b = 8425 + -7967. What is the remainder when 471 is divided by b?
13
Let f(z) = z**3 - 38*z**2 + 34*z - 1273. What is the remainder when 3492 is divided by f(38)?
15
Suppose 0 = -97*g + 94*g - 795. Let x = g + 445. What is the remainder when x is divided by 14?
12
Suppose -5*o = -4*o + 3*z - 68, 0 = o - 3*z - 86. What is the remainder when 302 is divided by o?
71
Calculate the remainder when 159 is divided by 5 - (-37 - (-7 - 8)).
24
Suppose -1072*h = -1106*h + 2890. What is the remainder when 3975 is divided by h?
65
Let p(u) be the second derivative of -4*u**3/3 + 62*u**2 - u + 68. What is the remainder when 46 is divided by p(14)?
10
Let d(u) = -27*u**2 - 572*u + 188. Suppose -198 = -5*k + 3*k. Calculate the remainder when d(-21) is divided by k.
95
Let h(j) = 5*j**3 + j**2 + j - 2. Suppose 2*b + 5*l + 2 = 0, -l = -3*b - 3*l + 19. Calculate the remainder when h(2) is divided by 6/b*8*12/8.
4
Let p be (-3741)/(-18) - 8/(-48). Suppose -2*j = -5*n + 251, 5*n + 2*j - p = n. Calculate the remainder when 203 is divided by n.
50
Let l = -2996 + 3137. What is the remainder when l is divided by 29?
25
Suppose -j = -s - 17 - 7, -s = -2*j + 46. Suppose -2*f - 4*v = -104, -2*f + v = -54 - 75. What is the remainder when f is divided by j?
18
Let t(y) = 9*y + 148. Let c be t(-17). What is the remainder when 153664/140 + 3/c is divided by 100?
97
Let t(x) = -x**2 + 16*x + 14. Calculate the remainder when 1102 is divided by t(11).
67
Suppose 46*p = 48*p - 4. What is the remainder when 154 is divided by p + (80/12 + -4)*9?
24
Let n be 0 + -2 + -2 + 11 + 1. Suppose n*b - 9*b + 3*g = -72, 3*b + 4*g - 255 = 0. Suppose -q = -8 - 13. What is the remainder when b is divided by q?
18
Suppose y = -4*a + 32, -4*a - 1068*y = -1071*y. Let o be 1 + (-4)/2*-2. Suppose -f + 4*s + 6 = -5, 72 = o*f - 3*s. What is the remainder when f is divided by a?
3
Let b(j) = 10*j**3 + 6*j**2 - 8*j. Let q be b(2). Suppose -4*t + q = -0*t. Calculate the remainder when t is divided by 13*1/(0 + 1).
9
Suppose 0 = -3*w - 7 + 16. Let q(j) = -5*j + 29. Calculate the remainder when 25 is divided by q(w).
11
Suppose -4*l - 4*b + 41 + 11 = 0, -4*b + 22 = 2*l. Suppose 12 = -14*i + l*i. What is the remainder when 29 is divided by i?
5
Suppose -176 = 63*a - 64*a - 4*b, -4*a = 2*b - 760. What is the remainder when 404 is divided by a?
20
Let g = 5889 - 5755. What is the remainder when g is divided by 36?
26
Suppose -22*f - f + 92 = 0. Suppose -21 = -f*r - 5, 109 = 5*c + r. Calculate the remainder when 250 is divided by c.
19
Let b(m) = 2*m**2 + 50*m + 17. Calculate the remainder when 280 is divided by b(-25).
8
Let f(w) be the third derivative of 5*w**4/24 - 10*w**3/3 + 3*w**2 - 4*w. Calculate the remainder when f(18) is divided by 36.
34
Let g = -4 - -5. Let o(x) = x**3 + x**2 - x. Let h(u) = 6*u**3 - 13*u - 5. Let c(d) = g*h(d) - 5*o(d). Calculate the remainder when 110 is divided by c(7).
36
Suppose -5*y = u - 18 + 50, 0 = -4*u - 2*y - 74. Calculate the remainder when 45 is divided by (-73)/(-3) - (u/3 - -5).
20
Suppose 4*p + 2*o + 12 = 150, -3*p = o - 101. Suppose 0*f = f + 6. What is the remainder when (2/f)/(3/(-2286)*2) is divided by p?
31
Let u = -1898 + 1919. Let d be -4 + 1 - -1 - -517. Calculate the remainder when (2 + -4)/((-10)/d) is divided by u.
19
Let l(r) = -7*r + 27. Let p(z) = 7*z - 26. Let h(y) = -5*l(y) - 4*p(y). Calculate the remainder when h(30) is divided by 18.
17
Suppose 204*d - 209*d + 5*c = -45, 3*d - c - 15 = 0. What is the remainder when 1823 is divided by d?
2
Let l(k) = k**3 - 9*k**2 + 13*k + 8. Let g(b) = 4*b + 151. Calculate the remainder when g(-37) is divided by l(7).
0
Suppose -160*c + 1077 = 5*j - 158*c, -857 = -4*j + 3*c. What is the remainder when 3212 is divided by j?
202
Calculate the remainder when (21 - 23)*5*(-388)/10 is divided by 114.
46
Suppose 4*q - 276 - 260 = 0. What is the remainder when q is divided by ((-220)/(-165))/(((-2)/(-3))/((-15)/(-2)))?
14
Let a(t) = -24*t + 1709. What is the remainder when 94 is divided by a(69)?
41
Suppose 0 = -6*v + 18 + 12. Suppose -g + 38 = 4*l, -v + 14 = -3*l. Calculate the remainder when 198 is divided by g.
48
Let s(w) = w**3 + 2*w**2 + 7*w - 11. Calculate the remainder when 1916 is divided by s(2).
16
Suppose 0 = 37*z - 35*z - 180. Let w(x) = x + 13. Suppose 0 = -4*p + 11*p. What is the remainder when z is divided by w(p)?
12
Suppose -j + f + 8 = 0, 18 = 3*j + f - 2*f. Suppose z = -2*v - 1 + 24, 77 = j*v - 4*z. Calculate the remainder when 49 is divided by v.
10
Let b = -282591 + 282600. Suppose 0 = -2*t - t - 3. Calculate the remainder when 24 - -1 - 0/t is divided by b.
7
Let y be 6 - (-2 + 5 + -2). Let j(n) = -n**3 + 5*n**2 + 3*n - 2. Calculate the remainder when (8 - (-6 + 25)) + 62 is divided by j(y).
12
Let s = 10425 + -10409. Suppose 3*f - 11 = -0*f - 4*g, -4*f - 5*g + 15 = 0. Suppose 29 = f*q - 166. What is the remainder when q is divided by s?
7
Suppose 4*m + 236 = 4*b + b, -2*m - 8 = 0. Suppose 5*f = 2*y + 500, -21*y + 23*y = -f - 512. Let s = y + 263. What is the remainder when b is divided by s?
4
Let q(i) = -17*i + 857. Calculate the remainder when 446 is divided by q(48).
36
What is the remainder when 89 is divided by (28/32*44)/(5/10)?
12
What is the remainder when ((-416)/(-936) + (-80)/18)/((-4)/214) is divided by (0 - -6)*(-7 + 13)?
34
Let p(u) = u**2 - 11*u - 34. Suppose -13 = 3*f - 4*t, 1 = -4*t + 5. Calculate the remainder when 27 is divided by p(f).
3
Let h = -244 - -250. Suppose 15 = 3*i - h*i, 5*d + 7*i - 115 = 0. What is the remainder when 176 is divided by d?
26
Suppose -233 = -6*n - 95. Let t = -2 - -4. What is the remainder when 87 is divided by (6/t)/(3/n)?
18
Let y be (-11 - -10)/(1/(-153)). Suppose -t - 68 = -3*t. Suppose 0 = -3*c - w + 80 + t, y = 4*c + w. Calculate the remainder when c is divided by 10.
9
Let h = 140 - 137. Suppose -3*m + 11*c = 15*c - 63, -h*m = c - 72. Let l = 424 + -276. What is the remainder when l is divided by m?
23
Let y(p) = 11*p**2 - 6*p + 1. Let c be (-2 - (5 - 8))*2. Calculate the remainder when 34 is divided by y(c).
1
Let x(p) = -p**2 - 12*p - 33. Let r be x(-6). Let h(n) = -n**3 - 19*n**2 - 3 + 0*n**r + 6 - 20 + 18*n. Calculate the remainder when h(-20) is divided by 4.
3
Suppose 12*r + 8719 = 15523. What is the remainder when r is divided by 19?
16
Let l(t) = t**2 - 11*t. Let m be l(10). Let s = 1 - m. Let w(y) = 4*y + 19. What is the remainder when w(6) is divided by s?
10
Suppose t + 156 = 2*o + o, -213 = -4*o + 3*t. Let p = 127 + -57. Let n = p - o. What is the remainder when 70 is divided by n?
13
Suppose 0 = -2*a + 112 - 106. Suppose 1 = -k - 4*q, 4*k = -q - a*q + 20. Let w = k - -13. What is the remainder whe